 k be 3*730/45 + (-8)/60*-10. Calculate the highest common divisor of k and 1940.
10
Let d = -372 + 405. Let j = d + 6. Calculate the greatest common divisor of 429 and j.
39
Let y(w) = -19*w - w**2 - 21*w + 21 + 94 + 66*w. Let s be y(25). Calculate the highest common divisor of s and 20.
20
Let l be (-15920)/(-8) + 5 - 6. What is the greatest common divisor of l and 468?
117
Let v = -510 - -534. What is the greatest common divisor of v and 5088?
24
Suppose 17*y - 44244 = -8432 + 37203. What is the greatest common divisor of 5 and y?
5
Let a(n) = n**3 + 6*n**2 + 6*n + 5. Suppose 0 = -0*o + 9*o. Let j = -4 + o. Let b be a(j). Calculate the greatest common factor of b and 91.
13
Let v be 6174/8 + 135/108. Calculate the highest common divisor of 1 and v.
1
Let u be (-6)/(-24) - 257/4. Let t = u + 92. Suppose -8 = -6*w + t. What is the highest common factor of w and 48?
6
Let m be (0 + (-77)/2)/((-28)/3024). Calculate the highest common factor of 99 and m.
99
Let p be 2*(1026/3 - (-2 - (-16 - -12))). Calculate the greatest common divisor of 51 and p.
17
Let c be (-2)/(-2)*(-3 + 9) - 0. Suppose -39 - 33 = -c*x. Let z = 421 + -367. What is the greatest common factor of z and x?
6
Let d = 109 + 146. Let k = 83 + -68. Calculate the greatest common divisor of k and d.
15
Suppose 5*m + 14 - 634 = 0. Suppose -5*u = m - 574. Let b be 1*(-1)/(-2) - (-2475)/u. Calculate the greatest common divisor of 308 and b.
28
Let q(d) = d**3 + 6*d**2 + 11*d - 5. Let s be q(6). Suppose 16*z - s = -z. What is the highest common factor of z and 2?
1
Let l = -674 + 354. Suppose 5*k - 8580 = -10*k. Let h = k + l. Calculate the highest common divisor of 36 and h.
36
Let n = -1 + 1. Suppose 3*u + 9 = 0, 0*k + k - 1 = -u. Suppose n = -y + k*y - 6. What is the greatest common factor of 1 and y?
1
Let n be (-6 - -6) + 3 + (0 - 2). Let y be -2 + 10/n - 6. Let c be ((-4)/3)/((-2)/15). What is the greatest common factor of c and y?
2
Let b = 4492 - 3970. What is the greatest common factor of b and 288?
18
Suppose 7*q - 2339 = 2379. Let x = q - 632. Calculate the highest common factor of 105 and x.
21
Let p = 99 + -60. Suppose -4*d = l - 188, -l = 3*d - 1609 + 1473. What is the greatest common divisor of p and d?
13
Suppose 6465 = 5*g + 5*b, 4*g + 5*b - 8753 = -3581. Suppose -8*r - g + 3661 = 0. Suppose 0 = v - 2*v + 37. Calculate the highest common factor of r and v.
37
Suppose -19*v - 300 = v. Let a = v - -41. What is the highest common factor of 442 and a?
26
Let s be ((-18)/12)/(1/(-4)*3). Suppose -7*a + 9*a = -s*p + 20, 3*p - 4*a = 9. Calculate the greatest common factor of 91 and p.
7
Let i be ((-4)/(-6))/((-18)/(-216)). Calculate the highest common divisor of i and 424.
8
Let g(v) = -629*v**3 - 6*v**2 + 4*v. Let n be g(1). Let s = 1034 + n. What is the highest common divisor of s and 13?
13
Suppose o + u = -u + 2, -5*o + 4*u = 60. Let s be 72 + -17 + (-64)/o. Let c(r) = 8*r - 2. Let g be c(2). What is the greatest common factor of s and g?
7
Let h(c) = -18*c**2 + 3*c + 9. Let g be h(7). Let i be (1/2 - g/(-72))*-12. Let v be (-51)/2*(-8)/12. What is the greatest common divisor of v and i?
17
Let y(l) = l**3 - 14*l**2 + 27*l - 177. Let x(s) = -2*s + 7. Let q be x(-3). Let c be y(q). What is the greatest common factor of 245 and c?
5
Suppose -24*z + 25415 = 49*z + 887. Calculate the greatest common factor of z and 432.
48
Suppose -46*i = -2422 - 614. Calculate the greatest common factor of 78 and i.
6
Suppose -d = -2*d + 3. Let s be (-50)/(-125)*(-35)/(-1). Let l be 3*s/36 + d/(-18). What is the highest common divisor of 27 and l?
1
Let c = 12 + 16. Let r be (-15)/(-4) + (30/24)/5. Suppose -r*g - 4*j - 12 + 564 = 0, 0 = 3*g - 2*j - 424. What is the highest common factor of g and c?
28
Let m be -1 + 4 + (-33)/(-3). Suppose -c - 2 = -3, 4*j + c = -131. Let n be 6/(-15)*(-2 + j). What is the highest common divisor of m and n?
14
Suppose 8*i - 5*i - 3 = -3*b, -3*b = 4*i. Suppose b*v - z = 671, -v + 164 = -3*z - z. What is the greatest common divisor of v and 392?
56
Suppose 2*f + 864 + 52 = 0. Let s = -296 - f. What is the greatest common factor of s and 54?
54
Let h(n) = -n**3 - 7*n**2 - 3*n + 6. Let r = 152 + -161. Let z be h(r). What is the greatest common factor of z and 15?
15
Let b(h) be the third derivative of h**5/20 - 61*h**4/24 - 4*h**3 + 85*h**2. Let m be b(23). What is the greatest common divisor of 40 and m?
40
Let o = 2 - -17. Suppose c - o = -3*q, 4*c - 2*c = 4*q - 32. Suppose -13*j - 107 = -120*j. Calculate the greatest common divisor of q and j.
1
Suppose u + 31*v - 29*v = 592, -2*u - 3*v = -1191. What is the highest common divisor of u and 48?
6
Let o be (((-32)/(-2))/1)/((-8)/(-16)). Suppose -5*p + 16 = -p. What is the highest common divisor of o and p?
4
Let c be 60/(-12) + 7/1. Suppose -k + 1 + 7 = -c*j, -j = 4*k - 41. Suppose 3*v - 20 = 55. Calculate the greatest common divisor of v and k.
5
Let f = -14979 + 15032. What is the highest common divisor of 10123 and f?
53
Suppose -2*i - 3*i = 5. Let q = i + 7. Suppose 5*x = 2*m - 124, -m - 134*x + 58 = -136*x. What is the highest common divisor of q and m?
6
Let s = -621 + 675. Suppose 0 = 36*h - s*h + 2430. Calculate the highest common divisor of h and 30.
15
Suppose 0 = -2*m + m - 5*s + 95, -4*m = -5*s - 280. Let j = m - -29. Calculate the greatest common factor of 8 and j.
8
Let g(t) be the third derivative of -t**6/120 + t**5/10 + 3*t**4/8 - 7*t**3/3 - 17*t**2 + 4. Let z be g(5). What is the greatest common factor of z and 98?
14
Suppose -2*v - 4*p = -62, 7*v - 137 = 3*v + 5*p. Calculate the highest common divisor of 21 and v.
3
Let y be 20/(-3)*561/22. Let q = y - -186. Calculate the highest common divisor of q and 328.
8
Let m(u) = 0 - 3 - 17*u + 16*u + 12. Let s be m(-7). Suppose 70 - 422 = -2*f. Calculate the greatest common divisor of f and s.
16
Let z = 1777 - 1637. Calculate the greatest common divisor of z and 434.
14
Suppose 5*c + 475 + 4215 = 0. Let u = -713 - c. Calculate the highest common factor of 375 and u.
75
Suppose 2*m = -4*c + 3*c + 44, 5*m - 5*c = 95. Suppose -m*i = -8*i - 182. What is the highest common divisor of 133 and i?
7
Let b(z) = 2*z + 15. Let o = 113 - 101. Let y be b(o). What is the highest common divisor of y and 6?
3
Suppose -w + 5 = 0, 0 = 5*j - j + w - 17. Let u be 21/9*j - 1. Suppose -6*r + 30 = -78. Calculate the highest common divisor of r and u.
6
Let v(r) = -r**2 - 15*r + 131. Let s be v(6). Suppose s*l = 4*j + 110 + 302, 4*l + 2*j - 314 = 0. What is the greatest common factor of 1280 and l?
80
Let k be ((-9)/15)/((-13)/3900). What is the greatest common factor of k and 258?
6
Suppose -19 = -i + b, 2*i = -b - 2*b + 33. Let f be ((-1)/1)/(26/(-1482)). What is the highest common divisor of f and i?
3
Let z(b) = -b**3 + 10*b**2 - 9*b + 12. Let u be z(9). Suppose -u*i = -8*i - 36. What is the highest common divisor of i and 18?
9
Let l(y) = y**2 - 22*y + 64. Let n be l(19). Suppose 4*v + 3*o = 145, -4*o = -n*v + 10*v - 100. Calculate the highest common divisor of 28 and v.
4
Suppose 3*c + 5*h - 94 = 0, 2*c - 3*c = 4*h - 22. Let i = c - -312. Calculate the greatest common factor of 35 and i.
35
Suppose m - 11 - 74 = 0. Suppose 4*g - 153 = -5*g. What is the highest common divisor of g and m?
17
Suppose 9*m + 18 = -387. Let g be (-39295)/m + 6/(-27). What is the highest common factor of 9 and g?
9
Let b = -356 - -384. Let w be (b/63)/((-4)/(-36)). Let s be (-1)/4 + 113/4. Calculate the greatest common factor of s and w.
4
Let h(l) = -3*l + 2. Let d be h(-4). Suppose -d*f = -31 - 249. What is the greatest common divisor of f and 180?
20
Suppose -q - 1 = 0, -q = -4*m + 3*q + 28. Suppose 0*j + 12 = m*j. Suppose 3*g = j*y + g - 116, -4*g = 12. What is the greatest common divisor of 22 and y?
11
Let c(o) be the first derivative of 23*o**3/3 + 3*o**2/2 + 6*o - 54. Let j be c(2). What is the highest common divisor of 156 and j?
52
Let l be (-8)/60 - 313978/(-210). What is the greatest common divisor of 23 and l?
23
Suppose 0 = -4*d - 12, -48 + 9 = -3*k - 2*d. Suppose 0 = -5*o - v + 8250, 2*o = -19*v + k*v + 3300. Calculate the highest common factor of 66 and o.
66
Let j = -19072 - -19450. What is the greatest common divisor of j and 1806?
42
Let p be (24/((-108)/9))/(5/(-625)). C